o base 12
-b5926
Convert -63345314 (base 7) to base 4.
-110123221013
What is 991230 (base 10) in base 5?
223204410
Convert 342658 (base 9) to base 3.
101102201222
Convert -30621 (base 9) to base 12.
-b824
Convert -704a6 (base 12) to base 14.
-3b222
What is -124515 (base 10) in base 12?
-60083
Convert 25a536 (base 11) to base 2.
1100011111010101101
What is -149133 (base 13) in base 8?
-1733261
What is 154601 (base 9) in base 2?
10111010000011001
1671767 (base 8) to base 15
99ac9
Convert -1826a4 (base 13) to base 9.
-1122311
What is 1486a7 (base 14) in base 11?
449015
What is -566247 (base 10) in base 14?
-10a503
Convert 63962 (base 11) to base 4.
112231010
Convert 240443243 (base 5) to base 2.
100001110110011001110
What is 514278 (base 14) in base 2?
1010011100101101000010
What is -17264c (base 16) in base 2?
-101110010011001001100
-91286 (base 11) to base 14
-368b2
465127 (base 8) to base 16
26a57
What is 233229 (base 12) in base 5?
121043002
What is -24a9d (base 14) in base 16?
-15f33
What is 116375 (base 10) in base 8?
343227
-bbab (base 14) to base 13
-11a34
Convert b50710 (base 14) to base 6.
334540510
Convert -1676b5 (base 13) to base 14.
-107b0c
-11102141 (base 5) to base 12
-48297
-87aa9a (base 11) to base 10
-1405524
Convert 1583728 (base 13) to base 6.
404151014
Convert -cb10 (base 15) to base 2.
-1010011111101110
What is 220002212012 (base 3) in base 9?
802765
Convert 21210022012 (base 3) to base 13.
54a22
What is 828c6 (base 15) in base 12?
17b520
Convert -3605705 (base 9) to base 5.
-444442314
What is 5552a7 (base 11) in base 15?
127569
What is -2704528 (base 11) in base 13?
-c79730
70768aa (base 11) to base 8
57566350
What is 20d5a (base 14) in base 5?
10020320
Convert -10010101011111110110 (base 2) to base 12.
-256446
1a721 (base 12) to base 3
1222120021
Convert -3060288 (base 9) to base 3.
-10002000022222
39c626 (base 16) to base 4
32130120212
112021110211 (base 3) to base 16
449b3
2059541 (base 10) to base 3
10212122011022
Convert -157466 (base 13) to base 9.
-887312
What is 21243142 (base 5) in base 8?
541467
-14551410 (base 6) to base 12
-208566
-21423300 (base 7) to base 9
-3411156
-143301 (base 5) to base 12
-3624
10242443 (base 7) to base 5
210231144
What is 112212101 (base 4) in base 6?
1552305
Convert -67052 (base 12) to base 2.
-100001010101111110
-1214100 (base 7) to base 3
-21212201220
Convert -23430354 (base 6) to base 4.
-2303123332
7a4b6b (base 13) to base 5
1220123042
Convert -41442023 (base 5) to base 4.
-1103311130
Convert 1667153 (base 13) to base 3.
111121220112112
-47ceb (base 15) to base 2
-110111111010110110
Convert 3c171 (base 13) to base 9.
181046
What is 8a21a (base 11) in base 13?
4764c
Convert -2121111210211 (base 3) to base 15.
-1c6351
What is -213230311 (base 4) in base 7?
-1245043
Convert 121406c (base 13) to base 2.
10101011000110110110010
-31331134 (base 5) to base 7
-2136104
-2413201442 (base 5) to base 12
-1a60a73
What is -31332213 (base 4) in base 7?
-325632
Convert -1300310230 (base 5) to base 12.
-1072335
What is 1010100111001011101 (base 2) in base 16?
54e5d
1112423 (base 7) to base 2
100001101000011100
347aa4 (base 11) to base 5
120133413
6070a5 (base 14) to base 6
153325053
What is 234240210 (base 5) in base 2?
100001001010111010010
Convert -14253515 (base 6) to base 2.
-1110111011111010111
Convert 13023120 (base 4) to base 6.
344040
-66501 (base 7) to base 9
-24826
What is -150315 (base 9) in base 5?
-10421421
Convert 396541 (base 10) to base 9.
663851
Convert 131203322 (base 4) to base 13.
43160
What is -127a5 (base 16) in base 13?
-285ac
Convert 650315 (base 10) to base 11.
404656
Convert 2b8d31 (base 14) to base 10.
1522767
Convert 3b07d (base 14) to base 11.
9a392
What is -22012211121 (base 3) in base 11?
-100558
-100120121 (base 3) to base 10
-6982
732a0 (base 12) to base 7
1165326
Convert 22722 (base 12) to base 11.
31594
What is 1020600 (base 7) in base 8?
357571
Convert 166320025 (base 7) to base 8.
53574673
What is 122121131 (base 4) in base 14?
2b593
2121000101101 (base 3) to base 15
1c34ca
What is -182205 (base 16) in base 8?
-6021005
-40af7 (base 16) to base 9
-443400
29b2ee (base 15) to base 5
1003342144
What is 110000111100001011000 (base 2) in base 8?
6074130
What is -21123002120 (base 4) in base 14?
-484236
-995038 (base 13) to base 9
-6711537
Convert 1202000201100 (base 3) to base 15.
1343d3
-2308176 (base 10) to base 7
-25422243
What is 12325515 (base 6) in base 2?
1100001110000110111
113290 (base 11) to base 13
63c32
Convert 13207363 (base 8) to base 7.
34046114
Convert -2133312432 (base 5) to base 9.
-8563204
5587 (base 14) to base 11
10152
162622052 (base 7) to base 6
1032442512
What is -501444 (base 10) in base 2?
-1111010011011000100
What is -110100111100110111 (base 2) in base 4?
-310330313
1020432410 (base 5) to base 14
3d413b
What is -12900 (base 10) in base 8?
-31144
-2320002310 (base 4) to base 15
-ed564
-269bea (base 15) to base 4
-13011001102
-420337 (base 11) to base 4
-2210201201
-877621 (base 9) to base 6
-15121331
Convert -756215 (base 8) to base 16.
-3dc8d
4521351 (base 6) to base 15
47a51
What is -3033041 (base 6) in base 15?
-2cc54
-434142000 (base 5) to base 6
-103551230
111205012 (base 6) to base 11
1161883
Convert -2618a20 (base 11) to base 3.
-22112110011010
Convert -303cf (base 16) to base 12.
-96413
What is b2514 (base 12) in base 6?
4551224
Convert -344301 (base 7) to base 3.
-10010102110
434130 (base 6) to base 12
18946
Convert 1010111010100101100 (base 2) to base 3.
200011122021
Convert -7460c (base 14) to base 9.
-467506
Convert -a6994 (base 14) to base 6.
-12343302
What is -11256 (base 12) in base 9?
-34263
10101010100001110110 (base 2) to base 12
298272
What is 156432 (base 13) in base 12?
215679
-153322013 (base 6) to base 12
-1106309
What is -110000111000111110 (base 2) in base 11?
-1274aa
What is -34243301 (base 5) in base 4?
-1022232130
12146166 (base 8) to base 7
31504166
What is -835071 (base 10) in base 14?
-17a47d
Convert 215365 (base 8) to base 12.
35b05
What is 54522 (base 9) in base 12?
18b02
-4911707 (base 11) to base 3
-121002111212100
Convert -108356 (base 9) to base 10.
-65175
Convert 537877 (base 9) to base 4.
1032103231
What is -2012112111122 (base 3) in base 5?
-244444441
Convert -343a3 (base 11) to base 12.
-24937
What is 3a03 (base 16) in base 3?
202101001
-100231330 (base 4) to base 3
-10110221011
Convert -2bb909 (base 15) to base 2.
-1000000100010011100000
314104 (base 6) to base 13
b809
What is -4095 (base 12) in base 3?
-100122012
Convert 1200243 (base 6) to base 10.
62307
Convert -102016430 (base 7) to base 2.
-10110111010000000100111
1000020001020 (base 3) to base 9
1006036
Convert -127b6 (base 15) to base 2.
-1110011011110001
What is 19188 (base 14) in base 6?
1205352
What is -13021241 (base 5) in base 11?
-87001
What is -1556601 (base 7) in base 14?
-58a38
What is 1868a (base 16) in base 13?
36678
2ba7ea (base 16) to base 9
5340536
70890b (base 12) to base 4
12230330123
311521130 (base 6) to base 14
a0a794
-11555566 (base 8) to base 9
-4711180
Convert d81d69 (base 15) to base 11.
5893a81
1511279 (base 10) to base 5
341330104
-4666421 (base 7) to base 13
-1778c6
What is 5ca3b (base 16) in base 2?
1011100101000111011
What is 2b1969 (base 14) in base 7?
15526262
-1012120122010 (base 3) to base 14
-12999b
-1aaac (base 16) to base 11
-75079
Convert 4257175 (base 10) to base 8.
20172627
What is -33156171 (base 9) in base 11?
-9065878
What is -47934c (base 13) in base 7?
-20332065
What is -2444044 (base 5) in base 16?
-b6b6
What is -1a55af (base 16) in base 11?
-a79744
Convert -40720 (base 12) to base 9.
-137166
204313 (base 7) to base 10
35143
198acb9 (base 13) to base 12
29a1390
442403 (base 6) to base 9
55513
-215274 (base 9) to base 3
-20112022111
Convert -15834 (base 10) to base 7.
-64110
2442300 (base 5) to base 13
18279
-2302a (base 14) to base 11
-58a36
What is -40a04 (base 11) in base 5?
-3403103
Convert 1b7170b (base 12) to base 4.
112121112323
Convert -3132500 (base 6) to base 16.
-252b4
a857 (base 11) to base 16
3804
What is -10122220101 (base 3) in base 16?
-119a4
-22142412 (base 7) to base 14
-379d42
-117ba20 (base 13) to base 16
-52c328
Convert 602621 (base 14) to base 5.
1311434022
-327f (base 16) t